{"id":37,"date":"2021-02-03T15:45:43","date_gmt":"2021-02-03T14:45:43","guid":{"rendered":"http:\/\/www.ideji.be\/asbl2021\/?page_id=37"},"modified":"2021-03-31T17:45:25","modified_gmt":"2021-03-31T15:45:25","slug":"equipe","status":"publish","type":"page","link":"https:\/\/www.ideji.be\/asbl2021\/equipe\/","title":{"rendered":"Equipe"},"content":{"rendered":"<p>[et_pb_section fb_built=\u00a0\u00bb1&Prime; _builder_version=\u00a0\u00bb4.8.2&Prime; _module_preset=\u00a0\u00bbdefault\u00a0\u00bb][et_pb_row _builder_version=\u00a0\u00bb4.8.2&Prime; _module_preset=\u00a0\u00bbdefault\u00a0\u00bb][et_pb_column type=\u00a0\u00bb4_4&Prime; _builder_version=\u00a0\u00bb4.8.2&Prime; _module_preset=\u00a0\u00bbdefault\u00a0\u00bb][et_pb_blurb title=\u00a0\u00bbEquipe\u00a0\u00bb image=\u00a0\u00bbhttps:\/\/www.ideji.be\/asbl2021\/wp-content\/uploads\/2021\/02\/rectangle-vert-e1613473769621.png\u00a0\u00bb icon_placement=\u00a0\u00bbleft\u00a0\u00bb image_max_width=\u00a0\u00bb49%\u00a0\u00bb content_max_width=\u00a0\u00bb163px\u00a0\u00bb content_max_width_tablet=\u00a0\u00bb\u00a0\u00bb content_max_width_phone=\u00a0\u00bb303px\u00a0\u00bb content_max_width_last_edited=\u00a0\u00bbon|phone\u00a0\u00bb module_id=\u00a0\u00bbhaut\u00a0\u00bb _builder_version=\u00a0\u00bb4.8.2&Prime; _module_preset=\u00a0\u00bbdefault\u00a0\u00bb header_level=\u00a0\u00bbh1&Prime; header_text_align=\u00a0\u00bbcenter\u00a0\u00bb header_text_color=\u00a0\u00bb#035D6D\u00a0\u00bb header_font_size=\u00a0\u00bb32px\u00a0\u00bb body_text_align=\u00a0\u00bbcenter\u00a0\u00bb body_text_color=\u00a0\u00bb#000000&Prime; body_font_size=\u00a0\u00bb1px\u00a0\u00bb module_alignment=\u00a0\u00bbcenter\u00a0\u00bb custom_padding=\u00a0\u00bb0px|0px|0px|0px|true|false\u00a0\u00bb hover_enabled=\u00a0\u00bb0&Prime; header_font_size_tablet=\u00a0\u00bb\u00a0\u00bb header_font_size_phone=\u00a0\u00bb\u00a0\u00bb header_font_size_last_edited=\u00a0\u00bbon|desktop\u00a0\u00bb custom_css_blurb_title=\u00a0\u00bbmargin-top:3px\u00a0\u00bb sticky_enabled=\u00a0\u00bb0&Prime;][\/et_pb_blurb][\/et_pb_column][\/et_pb_row][et_pb_row _builder_version=\u00a0\u00bb4.8.2&Prime; _module_preset=\u00a0\u00bbdefault\u00a0\u00bb custom_padding=\u00a0\u00bb0px||||false|false\u00a0\u00bb][et_pb_column type=\u00a0\u00bb4_4&Prime; _builder_version=\u00a0\u00bb4.8.2&Prime; _module_preset=\u00a0\u00bbdefault\u00a0\u00bb][et_pb_text _builder_version=\u00a0\u00bb4.8.2&Prime; _module_preset=\u00a0\u00bbdefault\u00a0\u00bb text_text_color=\u00a0\u00bb#FFFFFF\u00a0\u00bb background_color=\u00a0\u00bb#F6A53E\u00a0\u00bb custom_padding=\u00a0\u00bb4%|4%|4%|4%|true|true\u00a0\u00bb hover_enabled=\u00a0\u00bb0&Prime; box_shadow_style=\u00a0\u00bbpreset4&Prime; box_shadow_horizontal=\u00a0\u00bb21px\u00a0\u00bb box_shadow_vertical=\u00a0\u00bb18px\u00a0\u00bb box_shadow_color=\u00a0\u00bbrgba(246,165,62,0.68)\u00a0\u00bb text_font_size=\u00a0\u00bb19px\u00a0\u00bb sticky_enabled=\u00a0\u00bb0&Prime;]<\/p>\n<p><span style=\"font-weight: 400;\">Ideji ASBL c\u2019est une \u00e9quipe pluridisciplinaire compos\u00e9e de juristes, de comptables, d\u2019experts en communication, d\u2019ing\u00e9nieurs en action sociale, d\u2019informaticiens, d\u2019expert en financement et en recherche de fonds, \u2026 tous sp\u00e9cialis\u00e9s dans leur domaine d\u2019intervention<\/span> <span style=\"font-weight: 400;\">et impliqu\u00e9s dans le secteur associatif.<\/span> <span style=\"font-weight: 400;\">Nous nous appuyons \u00e9galement sur un r\u00e9seau de partenaires ind\u00e9pendants qui constituent un renfort lors de projets particuliers.\u00a0\u00a0<\/span><\/p>\n<p><span style=\"font-weight: 400;\">Chacun d\u2019entre eux, de mani\u00e8re individuelle ou collective, vous guide pas \u00e0 pas dans les diff\u00e9rentes \u00e9tapes de la vie de votre ASBL en vous faisant b\u00e9n\u00e9ficier de leur expertise et exp\u00e9rience. Nous devenons, le temps de la gestion de votre dossier, partenaires de votre projet associatif.<\/span><\/p>\n<p><span style=\"font-weight: 400;\">Ideji s\u2019adresse aux porteurs de projets, dirigeants et aux gestionnaires de toutes les ASBL de la Belgique francophone, tout secteur confondu ainsi qu\u2019\u00e0 toutes les personnes qui entretiennent un lien avec le secteur associatif.\u00a0<\/span><\/p>\n<p>[\/et_pb_text][\/et_pb_column][\/et_pb_row][\/et_pb_section]<\/p>\n","protected":false},"excerpt":{"rendered":"<p>[et_pb_section fb_built=\u00a0\u00bb1&Prime; _builder_version=\u00a0\u00bb4.8.2&Prime; _module_preset=\u00a0\u00bbdefault\u00a0\u00bb][et_pb_row _builder_version=\u00a0\u00bb4.8.2&Prime; _module_preset=\u00a0\u00bbdefault\u00a0\u00bb][et_pb_column type=\u00a0\u00bb4_4&Prime; _builder_version=\u00a0\u00bb4.8.2&Prime; _module_preset=\u00a0\u00bbdefault\u00a0\u00bb][et_pb_blurb title=\u00a0\u00bbEquipe\u00a0\u00bb image=\u00a0\u00bbhttps:\/\/www.ideji.be\/asbl2021\/wp-content\/uploads\/2021\/02\/rectangle-vert-e1613473769621.png\u00a0\u00bb icon_placement=\u00a0\u00bbleft\u00a0\u00bb image_max_width=\u00a0\u00bb49%\u00a0\u00bb content_max_width=\u00a0\u00bb163px\u00a0\u00bb content_max_width_tablet=\u00a0\u00bb\u00a0\u00bb content_max_width_phone=\u00a0\u00bb303px\u00a0\u00bb content_max_width_last_edited=\u00a0\u00bbon|phone\u00a0\u00bb module_id=\u00a0\u00bbhaut\u00a0\u00bb _builder_version=\u00a0\u00bb4.8.2&Prime; _module_preset=\u00a0\u00bbdefault\u00a0\u00bb header_level=\u00a0\u00bbh1&Prime; header_text_align=\u00a0\u00bbcenter\u00a0\u00bb header_text_color=\u00a0\u00bb#035D6D\u00a0\u00bb header_font_size=\u00a0\u00bb32px\u00a0\u00bb body_text_align=\u00a0\u00bbcenter\u00a0\u00bb body_text_color=\u00a0\u00bb#000000&Prime; body_font_size=\u00a0\u00bb1px\u00a0\u00bb module_alignment=\u00a0\u00bbcenter\u00a0\u00bb custom_padding=\u00a0\u00bb0px|0px|0px|0px|true|false\u00a0\u00bb hover_enabled=\u00a0\u00bb0&Prime; header_font_size_tablet=\u00a0\u00bb\u00a0\u00bb header_font_size_phone=\u00a0\u00bb\u00a0\u00bb header_font_size_last_edited=\u00a0\u00bbon|desktop\u00a0\u00bb custom_css_blurb_title=\u00a0\u00bbmargin-top:3px\u00a0\u00bb sticky_enabled=\u00a0\u00bb0&Prime;][\/et_pb_blurb][\/et_pb_column][\/et_pb_row][et_pb_row _builder_version=\u00a0\u00bb4.8.2&Prime; _module_preset=\u00a0\u00bbdefault\u00a0\u00bb custom_padding=\u00a0\u00bb0px||||false|false\u00a0\u00bb][et_pb_column type=\u00a0\u00bb4_4&Prime; _builder_version=\u00a0\u00bb4.8.2&Prime; _module_preset=\u00a0\u00bbdefault\u00a0\u00bb][et_pb_text _builder_version=\u00a0\u00bb4.8.2&Prime; _module_preset=\u00a0\u00bbdefault\u00a0\u00bb text_text_color=\u00a0\u00bb#FFFFFF\u00a0\u00bb background_color=\u00a0\u00bb#F6A53E\u00a0\u00bb custom_padding=\u00a0\u00bb4%|4%|4%|4%|true|true\u00a0\u00bb hover_enabled=\u00a0\u00bb0&Prime; box_shadow_style=\u00a0\u00bbpreset4&Prime; box_shadow_horizontal=\u00a0\u00bb21px\u00a0\u00bb box_shadow_vertical=\u00a0\u00bb18px\u00a0\u00bb box_shadow_color=\u00a0\u00bbrgba(246,165,62,0.68)\u00a0\u00bb text_font_size=\u00a0\u00bb19px\u00a0\u00bb sticky_enabled=\u00a0\u00bb0&Prime;] Ideji ASBL [&hellip;]<\/p>\n","protected":false},"author":1,"featured_media":0,"parent":0,"menu_order":0,"comment_status":"closed","ping_status":"closed","template":"","meta":{"_et_pb_use_builder":"on","_et_pb_old_content":"","_et_gb_content_width":"","footnotes":""},"class_list":["post-37","page","type-page","status-publish","hentry"],"_links":{"self":[{"href":"https:\/\/www.ideji.be\/asbl2021\/wp-json\/wp\/v2\/pages\/37","targetHints":{"allow":["GET"]}}],"collection":[{"href":"https:\/\/www.ideji.be\/asbl2021\/wp-json\/wp\/v2\/pages"}],"about":[{"href":"https:\/\/www.ideji.be\/asbl2021\/wp-json\/wp\/v2\/types\/page"}],"author":[{"embeddable":true,"href":"https:\/\/www.ideji.be\/asbl2021\/wp-json\/wp\/v2\/users\/1"}],"replies":[{"embeddable":true,"href":"https:\/\/www.ideji.be\/asbl2021\/wp-json\/wp\/v2\/comments?post=37"}],"version-history":[{"count":4,"href":"https:\/\/www.ideji.be\/asbl2021\/wp-json\/wp\/v2\/pages\/37\/revisions"}],"predecessor-version":[{"id":239485,"href":"https:\/\/www.ideji.be\/asbl2021\/wp-json\/wp\/v2\/pages\/37\/revisions\/239485"}],"wp:attachment":[{"href":"https:\/\/www.ideji.be\/asbl2021\/wp-json\/wp\/v2\/media?parent=37"}],"curies":[{"name":"wp","href":"https:\/\/api.w.org\/{rel}","templated":true}]}}

<p>[et_pb_section fb_built= »1&Prime; _builder_version= »4.8.2&Prime; _module_preset= »default »][et_pb_row _builder_version= »4.8.2&Prime; _module_preset= »default »][et_pb_column type= »4_4&Prime; _builder_version= »4.8.2&Prime; _module_preset= »default »][et_pb_blurb title= »Equipe » image= »https://www.ideji.be/asbl2021/wp-content/uploads/2021/02/rectangle-vert-e1613473769621.png » icon_placement= »left » image_max_width= »49% » content_max_width= »163px » content_max_width_tablet= » » content_max_width_phone= »303px » content_max_width_last_edited= »on|phone » module_id= »haut » _builder_version= »4.8.2&Prime; _module_preset= »default » header_level= »h1&Prime; header_text_align= »center » header_text_color= »#035D6D » header_font_size= »32px » body_text_align= »center » body_text_color= »#000000&Prime; body_font_size= »1px » module_alignment= »center » custom_padding= »0px|0px|0px|0px|true|false » hover_enabled= »0&Prime; header_font_size_tablet= » » header_font_size_phone= » » header_font_size_last_edited= »on|desktop » custom_css_blurb_title= »margin-top:3px » sticky_enabled= »0&Prime;][/et_pb_blurb][/et_pb_column][/et_pb_row][et_pb_row _builder_version= »4.8.2&Prime; _module_preset= »default » custom_padding= »0px||||false|false »][et_pb_column type= »4_4&Prime; _builder_version= »4.8.2&Prime; _module_preset= »default »][et_pb_text _builder_version= »4.8.2&Prime; _module_preset= »default » text_text_color= »#FFFFFF » background_color= »#F6A53E » custom_padding= »4%|4%|4%|4%|true|true » hover_enabled= »0&Prime; box_shadow_style= »preset4&Prime; box_shadow_horizontal= »21px » box_shadow_vertical= »18px » box_shadow_color= »rgba(246,165,62,0.68) » text_font_size= »19px » sticky_enabled= »0&Prime;]</p>
<p><span style="font-weight: 400;">Ideji ASBL c’est une équipe pluridisciplinaire composée de juristes, de comptables, d’experts en communication, d’ingénieurs en action sociale, d’informaticiens, d’expert en financement et en recherche de fonds, … tous spécialisés dans leur domaine d’intervention</span> <span style="font-weight: 400;">et impliqués dans le secteur associatif.</span> <span style="font-weight: 400;">Nous nous appuyons également sur un réseau de partenaires indépendants qui constituent un renfort lors de projets particuliers.  </span></p>
<p><span style="font-weight: 400;">Chacun d’entre eux, de manière individuelle ou collective, vous guide pas à pas dans les différentes étapes de la vie de votre ASBL en vous faisant bénéficier de leur expertise et expérience. Nous devenons, le temps de la gestion de votre dossier, partenaires de votre projet associatif.</span></p>
<p><span style="font-weight: 400;">Ideji s’adresse aux porteurs de projets, dirigeants et aux gestionnaires de toutes les ASBL de la Belgique francophone, tout secteur confondu ainsi qu’à toutes les personnes qui entretiennent un lien avec le secteur associatif. </span></p>
<p>[/et_pb_text][/et_pb_column][/et_pb_row][/et_pb_section]</p>
