{"id":31,"date":"2021-02-03T15:44:04","date_gmt":"2021-02-03T14:44:04","guid":{"rendered":"http:\/\/www.ideji.be\/asbl2021\/?page_id=31"},"modified":"2021-03-27T21:55:46","modified_gmt":"2021-03-27T20:55:46","slug":"formation-sur-mesure","status":"publish","type":"page","link":"https:\/\/www.ideji.be\/asbl2021\/formation-sur-mesure\/","title":{"rendered":"Formation  sur mesure"},"content":{"rendered":"<p>[et_pb_section fb_built=\u00a0\u00bb1&Prime; _builder_version=\u00a0\u00bb4.8.2&Prime; _module_preset=\u00a0\u00bbdefault\u00a0\u00bb background_color=\u00a0\u00bbRGBA(0,0,0,0)\u00a0\u00bb background_image=\u00a0\u00bbhttps:\/\/www.ideji.be\/asbl2021\/wp-content\/uploads\/2021\/02\/bg-formation.png\u00a0\u00bb background_size=\u00a0\u00bbcontain\u00a0\u00bb background_position=\u00a0\u00bbcenter_left\u00a0\u00bb min_height=\u00a0\u00bb295.1px\u00a0\u00bb height=\u00a0\u00bb100%\u00a0\u00bb hover_enabled=\u00a0\u00bb0&Prime; title_text=\u00a0\u00bbbg-formation\u00a0\u00bb sticky_enabled=\u00a0\u00bb0&Prime;][et_pb_row _builder_version=\u00a0\u00bb4.8.2&Prime; _module_preset=\u00a0\u00bbdefault\u00a0\u00bb custom_margin=\u00a0\u00bb||0%||false|false\u00a0\u00bb][et_pb_column type=\u00a0\u00bb4_4&Prime; _builder_version=\u00a0\u00bb4.8.2&Prime; _module_preset=\u00a0\u00bbdefault\u00a0\u00bb][et_pb_blurb title=\u00a0\u00bbFormation sur mesure\u00a0\u00bb image=\u00a0\u00bbhttps:\/\/www.ideji.be\/asbl2021\/wp-content\/uploads\/2021\/02\/rectangle-vert-e1613473769621.png\u00a0\u00bb icon_placement=\u00a0\u00bbleft\u00a0\u00bb image_max_width=\u00a0\u00bb46%\u00a0\u00bb content_max_width=\u00a0\u00bb417px\u00a0\u00bb content_max_width_tablet=\u00a0\u00bb\u00a0\u00bb content_max_width_phone=\u00a0\u00bb1100px\u00a0\u00bb content_max_width_last_edited=\u00a0\u00bbon|phone\u00a0\u00bb _builder_version=\u00a0\u00bb4.8.2&Prime; _module_preset=\u00a0\u00bbdefault\u00a0\u00bb header_level=\u00a0\u00bbh1&Prime; header_text_align=\u00a0\u00bbcenter\u00a0\u00bb header_text_color=\u00a0\u00bb#035D6D\u00a0\u00bb header_font_size=\u00a0\u00bb32px\u00a0\u00bb body_text_align=\u00a0\u00bbcenter\u00a0\u00bb body_text_color=\u00a0\u00bb#000000&Prime; body_font_size=\u00a0\u00bb1px\u00a0\u00bb width=\u00a0\u00bb100%\u00a0\u00bb max_width=\u00a0\u00bb100%\u00a0\u00bb module_alignment=\u00a0\u00bbcenter\u00a0\u00bb hover_enabled=\u00a0\u00bb0&Prime; header_font_size_tablet=\u00a0\u00bb\u00a0\u00bb header_font_size_phone=\u00a0\u00bb19px\u00a0\u00bb header_font_size_last_edited=\u00a0\u00bbon|tablet\u00a0\u00bb custom_css_blurb_title=\u00a0\u00bbmargin-top:3px;||\u00a0\u00bb sticky_enabled=\u00a0\u00bb0&Prime;][\/et_pb_blurb][\/et_pb_column][\/et_pb_row][et_pb_row _builder_version=\u00a0\u00bb4.8.2&Prime; _module_preset=\u00a0\u00bbdefault\u00a0\u00bb custom_padding=\u00a0\u00bb0px||||false|false\u00a0\u00bb][et_pb_column type=\u00a0\u00bb4_4&Prime; _builder_version=\u00a0\u00bb4.8.2&Prime; _module_preset=\u00a0\u00bbdefault\u00a0\u00bb][et_pb_text _builder_version=\u00a0\u00bb4.8.2&Prime; _module_preset=\u00a0\u00bbdefault\u00a0\u00bb text_text_color=\u00a0\u00bb#FFFFFF\u00a0\u00bb background_color=\u00a0\u00bb#035d6d\u00a0\u00bb custom_padding=\u00a0\u00bb4%|4%|4%|4%|true|true\u00a0\u00bb hover_enabled=\u00a0\u00bb0&Prime; box_shadow_style=\u00a0\u00bbpreset4&Prime; box_shadow_horizontal=\u00a0\u00bb21px\u00a0\u00bb box_shadow_vertical=\u00a0\u00bb18px\u00a0\u00bb box_shadow_color=\u00a0\u00bbrgba(3,93,109,0.74)\u00a0\u00bb text_font=\u00a0\u00bb|300|||||||\u00a0\u00bb text_font_size=\u00a0\u00bb18px\u00a0\u00bb sticky_enabled=\u00a0\u00bb0&Prime;]<\/p>\n<p>Ce service s\u2019adresse aux f\u00e9d\u00e9rations, aux associations ou tout autre organisme priv\u00e9 ou de droit public.<br \/> ideji propose des formations personnalis\u00e9es et adapt\u00e9es qui tiennent compte de vos besoins, vos r\u00e9alit\u00e9s, vos moyens et vos objectifs.<\/p>\n<p>Si vous souhaitez former votre \u00e9quipe, sensibiliser vos administrateurs \u00e0 leurs responsabilit\u00e9s, informer vos membres quant \u00e0 leurs droits et obligations ou encore renseigner vos b\u00e9n\u00e9voles, nous pouvons vous accompagner dans l\u2019analyse de votre r\u00e9alit\u00e9 afin de d\u00e9terminer la formule d\u2019accompagnement la plus appropri\u00e9e.<\/p>\n<p>Nos consultants sont quotidiennement confront\u00e9s \u00e0 une large palette d\u2019\u00e9v\u00e9nements et de questions de terrain dans la vie des associations, de sorte que toutes nos interventions et formations sont marqu\u00e9es par le souci de r\u00e9pondre \u00e0 des situations concr\u00e8tes que vous rencontrez au jour le jour.<\/p>\n<p>[\/et_pb_text][\/et_pb_column][\/et_pb_row][\/et_pb_section]<\/p>\n","protected":false},"excerpt":{"rendered":"<p>[et_pb_section fb_built=\u00a0\u00bb1&Prime; _builder_version=\u00a0\u00bb4.8.2&Prime; _module_preset=\u00a0\u00bbdefault\u00a0\u00bb background_color=\u00a0\u00bbRGBA(0,0,0,0)\u00a0\u00bb background_image=\u00a0\u00bbhttps:\/\/www.ideji.be\/asbl2021\/wp-content\/uploads\/2021\/02\/bg-formation.png\u00a0\u00bb background_size=\u00a0\u00bbcontain\u00a0\u00bb background_position=\u00a0\u00bbcenter_left\u00a0\u00bb min_height=\u00a0\u00bb295.1px\u00a0\u00bb height=\u00a0\u00bb100%\u00a0\u00bb hover_enabled=\u00a0\u00bb0&Prime; title_text=\u00a0\u00bbbg-formation\u00a0\u00bb sticky_enabled=\u00a0\u00bb0&Prime;][et_pb_row _builder_version=\u00a0\u00bb4.8.2&Prime; _module_preset=\u00a0\u00bbdefault\u00a0\u00bb custom_margin=\u00a0\u00bb||0%||false|false\u00a0\u00bb][et_pb_column type=\u00a0\u00bb4_4&Prime; _builder_version=\u00a0\u00bb4.8.2&Prime; _module_preset=\u00a0\u00bbdefault\u00a0\u00bb][et_pb_blurb title=\u00a0\u00bbFormation sur mesure\u00a0\u00bb image=\u00a0\u00bbhttps:\/\/www.ideji.be\/asbl2021\/wp-content\/uploads\/2021\/02\/rectangle-vert-e1613473769621.png\u00a0\u00bb icon_placement=\u00a0\u00bbleft\u00a0\u00bb image_max_width=\u00a0\u00bb46%\u00a0\u00bb content_max_width=\u00a0\u00bb417px\u00a0\u00bb content_max_width_tablet=\u00a0\u00bb\u00a0\u00bb content_max_width_phone=\u00a0\u00bb1100px\u00a0\u00bb content_max_width_last_edited=\u00a0\u00bbon|phone\u00a0\u00bb _builder_version=\u00a0\u00bb4.8.2&Prime; _module_preset=\u00a0\u00bbdefault\u00a0\u00bb header_level=\u00a0\u00bbh1&Prime; header_text_align=\u00a0\u00bbcenter\u00a0\u00bb header_text_color=\u00a0\u00bb#035D6D\u00a0\u00bb header_font_size=\u00a0\u00bb32px\u00a0\u00bb body_text_align=\u00a0\u00bbcenter\u00a0\u00bb body_text_color=\u00a0\u00bb#000000&Prime; body_font_size=\u00a0\u00bb1px\u00a0\u00bb width=\u00a0\u00bb100%\u00a0\u00bb max_width=\u00a0\u00bb100%\u00a0\u00bb module_alignment=\u00a0\u00bbcenter\u00a0\u00bb hover_enabled=\u00a0\u00bb0&Prime; header_font_size_tablet=\u00a0\u00bb\u00a0\u00bb header_font_size_phone=\u00a0\u00bb19px\u00a0\u00bb header_font_size_last_edited=\u00a0\u00bbon|tablet\u00a0\u00bb custom_css_blurb_title=\u00a0\u00bbmargin-top:3px;||\u00a0\u00bb sticky_enabled=\u00a0\u00bb0&Prime;][\/et_pb_blurb][\/et_pb_column][\/et_pb_row][et_pb_row _builder_version=\u00a0\u00bb4.8.2&Prime; _module_preset=\u00a0\u00bbdefault\u00a0\u00bb custom_padding=\u00a0\u00bb0px||||false|false\u00a0\u00bb][et_pb_column type=\u00a0\u00bb4_4&Prime; _builder_version=\u00a0\u00bb4.8.2&Prime; _module_preset=\u00a0\u00bbdefault\u00a0\u00bb][et_pb_text _builder_version=\u00a0\u00bb4.8.2&Prime; _module_preset=\u00a0\u00bbdefault\u00a0\u00bb [&hellip;]<\/p>\n","protected":false},"author":1,"featured_media":0,"parent":0,"menu_order":0,"comment_status":"closed","ping_status":"closed","template":"","meta":{"_et_pb_use_builder":"on","_et_pb_old_content":"","_et_gb_content_width":"","footnotes":""},"class_list":["post-31","page","type-page","status-publish","hentry"],"_links":{"self":[{"href":"https:\/\/www.ideji.be\/asbl2021\/wp-json\/wp\/v2\/pages\/31","targetHints":{"allow":["GET"]}}],"collection":[{"href":"https:\/\/www.ideji.be\/asbl2021\/wp-json\/wp\/v2\/pages"}],"about":[{"href":"https:\/\/www.ideji.be\/asbl2021\/wp-json\/wp\/v2\/types\/page"}],"author":[{"embeddable":true,"href":"https:\/\/www.ideji.be\/asbl2021\/wp-json\/wp\/v2\/users\/1"}],"replies":[{"embeddable":true,"href":"https:\/\/www.ideji.be\/asbl2021\/wp-json\/wp\/v2\/comments?post=31"}],"version-history":[{"count":8,"href":"https:\/\/www.ideji.be\/asbl2021\/wp-json\/wp\/v2\/pages\/31\/revisions"}],"predecessor-version":[{"id":239040,"href":"https:\/\/www.ideji.be\/asbl2021\/wp-json\/wp\/v2\/pages\/31\/revisions\/239040"}],"wp:attachment":[{"href":"https:\/\/www.ideji.be\/asbl2021\/wp-json\/wp\/v2\/media?parent=31"}],"curies":[{"name":"wp","href":"https:\/\/api.w.org\/{rel}","templated":true}]}}

<p>[et_pb_section fb_built= »1&Prime; _builder_version= »4.8.2&Prime; _module_preset= »default » background_color= »RGBA(0,0,0,0) » background_image= »https://www.ideji.be/asbl2021/wp-content/uploads/2021/02/bg-formation.png » background_size= »contain » background_position= »center_left » min_height= »295.1px » height= »100% » hover_enabled= »0&Prime; title_text= »bg-formation » sticky_enabled= »0&Prime;][et_pb_row _builder_version= »4.8.2&Prime; _module_preset= »default » custom_margin= »||0%||false|false »][et_pb_column type= »4_4&Prime; _builder_version= »4.8.2&Prime; _module_preset= »default »][et_pb_blurb title= »Formation sur mesure » image= »https://www.ideji.be/asbl2021/wp-content/uploads/2021/02/rectangle-vert-e1613473769621.png » icon_placement= »left » image_max_width= »46% » content_max_width= »417px » content_max_width_tablet= » » content_max_width_phone= »1100px » content_max_width_last_edited= »on|phone » _builder_version= »4.8.2&Prime; _module_preset= »default » header_level= »h1&Prime; header_text_align= »center » header_text_color= »#035D6D » header_font_size= »32px » body_text_align= »center » body_text_color= »#000000&Prime; body_font_size= »1px » width= »100% » max_width= »100% » module_alignment= »center » hover_enabled= »0&Prime; header_font_size_tablet= » » header_font_size_phone= »19px » header_font_size_last_edited= »on|tablet » custom_css_blurb_title= »margin-top:3px;|| » sticky_enabled= »0&Prime;][/et_pb_blurb][/et_pb_column][/et_pb_row][et_pb_row _builder_version= »4.8.2&Prime; _module_preset= »default » custom_padding= »0px||||false|false »][et_pb_column type= »4_4&Prime; _builder_version= »4.8.2&Prime; _module_preset= »default »][et_pb_text _builder_version= »4.8.2&Prime; _module_preset= »default » text_text_color= »#FFFFFF » background_color= »#035d6d » custom_padding= »4%|4%|4%|4%|true|true » hover_enabled= »0&Prime; box_shadow_style= »preset4&Prime; box_shadow_horizontal= »21px » box_shadow_vertical= »18px » box_shadow_color= »rgba(3,93,109,0.74) » text_font= »|300||||||| » text_font_size= »18px » sticky_enabled= »0&Prime;]</p>
<p>Ce service s’adresse aux fédérations, aux associations ou tout autre organisme privé ou de droit public.<br /> ideji propose des formations personnalisées et adaptées qui tiennent compte de vos besoins, vos réalités, vos moyens et vos objectifs.</p>
<p>Si vous souhaitez former votre équipe, sensibiliser vos administrateurs à leurs responsabilités, informer vos membres quant à leurs droits et obligations ou encore renseigner vos bénévoles, nous pouvons vous accompagner dans l’analyse de votre réalité afin de déterminer la formule d’accompagnement la plus appropriée.</p>
<p>Nos consultants sont quotidiennement confrontés à une large palette d’événements et de questions de terrain dans la vie des associations, de sorte que toutes nos interventions et formations sont marquées par le souci de répondre à des situations concrètes que vous rencontrez au jour le jour.</p>
<p>[/et_pb_text][/et_pb_column][/et_pb_row][/et_pb_section]</p>
